095.
5, 23819
What are the prime factors of 46559?
46559
What are the prime factors of 207?
3, 23
What are the prime factors of 36617?
7, 5231
List the prime factors of 2027.
2027
List the prime factors of 7246.
2, 3623
List the prime factors of 6599.
6599
What are the prime factors of 3372?
2, 3, 281
List the prime factors of 12009.
3, 4003
List the prime factors of 76284.
2, 3, 13, 163
List the prime factors of 4254.
2, 3, 709
List the prime factors of 111684.
2, 3, 41, 227
List the prime factors of 3680.
2, 5, 23
List the prime factors of 13697.
13697
List the prime factors of 7061.
23, 307
What are the prime factors of 40316?
2, 10079
What are the prime factors of 20434?
2, 17, 601
What are the prime factors of 2121?
3, 7, 101
What are the prime factors of 3482?
2, 1741
List the prime factors of 1355.
5, 271
List the prime factors of 6780.
2, 3, 5, 113
List the prime factors of 4786.
2, 2393
List the prime factors of 48542.
2, 13, 1867
List the prime factors of 4498.
2, 13, 173
List the prime factors of 963.
3, 107
What are the prime factors of 43558?
2, 29, 751
What are the prime factors of 66?
2, 3, 11
What are the prime factors of 5865?
3, 5, 17, 23
List the prime factors of 8928.
2, 3, 31
What are the prime factors of 1785?
3, 5, 7, 17
List the prime factors of 95575.
5, 3823
What are the prime factors of 5071?
11, 461
What are the prime factors of 726?
2, 3, 11
What are the prime factors of 81662?
2, 7, 19, 307
What are the prime factors of 79?
79
What are the prime factors of 1105?
5, 13, 17
What are the prime factors of 225?
3, 5
List the prime factors of 10542.
2, 3, 7, 251
List the prime factors of 305.
5, 61
What are the prime factors of 96539?
19, 5081
List the prime factors of 19169.
29, 661
List the prime factors of 24016.
2, 19, 79
What are the prime factors of 1790?
2, 5, 179
List the prime factors of 4329.
3, 13, 37
List the prime factors of 1321.
1321
List the prime factors of 7363.
37, 199
What are the prime factors of 2360?
2, 5, 59
List the prime factors of 74843.
74843
What are the prime factors of 762?
2, 3, 127
List the prime factors of 87978.
2, 3, 11, 31, 43
List the prime factors of 1690.
2, 5, 13
What are the prime factors of 5081?
5081
What are the prime factors of 329?
7, 47
What are the prime factors of 18846?
2, 3, 349
What are the prime factors of 1687?
7, 241
List the prime factors of 29780.
2, 5, 1489
What are the prime factors of 178078?
2, 269, 331
What are the prime factors of 694?
2, 347
What are the prime factors of 42923?
42923
List the prime factors of 3766.
2, 7, 269
What are the prime factors of 4689?
3, 521
List the prime factors of 846.
2, 3, 47
List the prime factors of 9529.
13, 733
List the prime factors of 83.
83
List the prime factors of 9074.
2, 13, 349
What are the prime factors of 4046?
2, 7, 17
What are the prime factors of 11756?
2, 2939
What are the prime factors of 12878?
2, 47, 137
What are the prime factors of 10455?
3, 5, 17, 41
List the prime factors of 33284.
2, 53, 157
What are the prime factors of 8996?
2, 13, 173
List the prime factors of 811.
811
List the prime factors of 5173.
7, 739
List the prime factors of 671.
11, 61
List the prime factors of 325.
5, 13
List the prime factors of 69982.
2, 11, 3181
What are the prime factors of 1916?
2, 479
What are the prime factors of 1735?
5, 347
What are the prime factors of 28514?
2, 53, 269
List the prime factors of 76121.
163, 467
What are the prime factors of 63980?
2, 5, 7, 457
List the prime factors of 212.
2, 53
List the prime factors of 7592.
2, 13, 73
What are the prime factors of 588?
2, 3, 7
List the prime factors of 73237.
73237
List the prime factors of 124.
2, 31
List the prime factors of 10816.
2, 13
What are the prime factors of 9571?
17, 563
List the prime factors of 75984.
2, 3, 1583
What are the prime factors of 1667?
1667
What are the prime factors of 8366?
2, 47, 89
What are the prime factors of 516?
2, 3, 43
List the prime factors of 112357.
7, 2293
List the prime factors of 19097.
13, 113
What are the prime factors of 34199?
11, 3109
What are the prime factors of 6081?
3, 2027
List the prime factors of 12947.
11, 107
What are the prime factors of 5329?
73
List the prime factors of 1272.
2, 3, 53
What are the prime factors of 5948?
2, 1487
What are the prime factors of 1490?
2, 5, 149
What are the prime factors of 91514?
2, 45757
What are the prime factors of 659?
659
List the prime factors of 23157.
3, 31, 83
What are the prime factors of 25819?
25819
What are the prime factors of 6945?
3, 5, 463
What are the prime factors of 2374?
2, 1187
List the prime factors of 44462.
2, 11, 43, 47
List the prime factors of 10337.
10337
List the prime factors of 5249.
29, 181
List the prime factors of 939.
3, 313
List the prime factors of 4224.
2, 3, 11
What are the prime factors of 70959?
3, 7, 31, 109
List the prime factors of 15724.
2, 3931
What are the prime factors of 42184?
2, 5273
What are the prime factors of 113170?
2, 5, 11317
What are the prime factors of 6461?
7, 13, 71
List the prime factors of 97996.
2, 24499
List the prime factors of 27467.
11, 227
List the prime factors of 31.
31
List the prime factors of 1000.
2, 5
List the prime factors of 2753.
2753
What are the prime factors of 33194?
2, 7, 2371
List the prime factors of 61696.
2, 241
What are the prime factors of 2303?
7, 47
What are the prime factors of 3865?
5, 773
List the prime factors of 194.
2, 97
List the prime factors of 7078.
2, 3539
What are the prime factors of 2994?
2, 3, 499
List the prime factors of 2929.
29, 101
What are the prime factors of 71106?
2, 3, 7, 1693
What are the prime factors of 5089?
7, 727
List the prime factors of 71649.
3, 19, 419
What are the prime factors of 1362?
2, 3, 227
List the prime factors of 403.
13, 31
List the prime factors of 312.
2, 3, 13
What are the prime factors of 6061?
11, 19, 29
List the prime factors of 29272.
2, 3659
What are the prime factors of 43859?
61, 719
List the prime factors of 81377.
19, 4283
List the prime factors of 487.
487
List the prime factors of 2550.
2, 3, 5, 17
What are the prime factors of 19203?
3, 37, 173
List the prime factors of 1254.
2, 3, 11, 19
List the prime factors of 1304.
2, 163
What are the prime factors of 389?
389
List the prime factors of 3064.
2, 383
What are the prime factors of 572?
2, 11, 13
List the prime factors of 619.
619
List the prime factors of 6343.
6343
List the prime factors of 11589.
3, 3863
List the prime factors of 10778.
2, 17, 317
List the prime factors of 150116.
2, 37529
What are the prime factors of 1347?
3, 449
List the prime factors of 61293.
3, 20431
What are the prime factors of 3448?
2, 431
List the prime factors of 310.
2, 5, 31
What are the prime factors of 133?
7, 19
What are the prime factors of 37960?
2, 5, 13, 73
What are the prime factors of 9059?
9059
List the prime factors of 50749.
19, 2671
What are the prime factors of 3818?
2, 23, 83
List the prime factors of 2691.
3, 13, 23
List the prime factors of 3187.
3187
List the prime factors of 28284.
2, 3, 2357
List the prime factors of 1478.
2, 739
What are the prime factors of 1145?
5, 229
What are the prime factors of 62646?
2, 3, 53, 197
What are the prime factors of 5320?
2, 5, 7, 19
What are the prime factors of 1211?
7, 173
List the prime factors of 2763.
3, 307
List the prime factors of 11836.
2, 11, 269
List the prime factors of 1615.
5, 17, 19
What are the prime factors of 5058?
2, 3, 281
What are the prime factors of 4366?
2, 37, 59
What are the prime factors of 51530?
2, 5, 5153
List the prime factors of 4243.
4243
What are the prime factors of 5064?
2, 3, 211
List the prime factors of 91321.
29, 47, 67
List the prime factors of 23646.
2, 3, 7, 563
List the prime factors of 24661.
7, 13, 271
List the prime factors of 4364.
2, 1091
List the prime factors of 230.
2, 5, 23
List the prime factors of 58791.
3, 19597
List the prime factors of 18684.
2, 3, 173
What are the prime factors of 404?
2, 101
List the prime factors of 10581.
3, 3527
What are the prime factors of 1707?
3, 569
What are the prime factors of 111?
3, 37
List the prime factors of 25257.
3, 8419
What are the prime factors of 2010?
2, 3, 5, 67
List the prime factors of 5867.
5867
List the prime factors of 4